 factor of w and 2?
2
Suppose -2*m - 1514 + 9344 = 0. Let d be 2/6*m/9. What is the greatest common factor of d and 29?
29
Let h(v) be the third derivative of v**6/120 + v**5/6 + 17*v**4/24 + 13*v**3/6 + 19*v**2. Let q be h(-8). What is the greatest common divisor of q and 40?
5
Let d = 347 + 385. Calculate the highest common factor of 6 and d.
6
Let a be 48/(-36) + (-172)/6. Let u = 183 + a. Suppose 0 = 2*f + 2*c - 298, -5*c + u - 624 = -3*f. What is the greatest common divisor of f and 19?
19
Let p(k) = -2*k + 35. Let a be p(-6). Calculate the highest common factor of 188 and a.
47
Suppose 18*q - 1372 - 68 = 0. What is the greatest common divisor of 5 and q?
5
Let y(v) be the first derivative of -7*v**2 - 17*v + 13. Let z be y(-7). Suppose 8 = 4*p - 28. Calculate the greatest common divisor of p and z.
9
Suppose -364 = -5*v - 314. Suppose 1 + 7 = -4*n, -b = 3*n - 104. Calculate the highest common divisor of b and v.
10
Let f(g) = g**2 - 20*g - 42. Let t be f(26). What is the greatest common factor of 38 and t?
38
Suppose -85 + 5 = -4*q. Let u = -9 + 5. Let h(t) = -2*t. Let x be h(u). What is the highest common divisor of x and q?
4
Let r = -5 - -35. Suppose -8*s = -117 - 43. Calculate the greatest common factor of s and r.
10
Let d be (5 + -66)/(-1) + 5. Suppose 77 = 11*q - d. What is the greatest common factor of 91 and q?
13
Let s be (-4)/6*(-3)/2. Suppose -36 = -7*w - s. Suppose 20 = w*u - 0*u. What is the greatest common factor of u and 6?
2
Suppose w - 14 = -2*a, -4*w = 3*a - 17 - 4. Suppose -a*t = -4*t - 195. What is the greatest common factor of 26 and t?
13
Let w = 42 + -50. Let n(i) = -2*i**2 - 5*i - 2. Let u be n(-4). Let s = w - u. What is the greatest common divisor of 6 and s?
6
Let y = -458 - -748. What is the highest common divisor of 2 and y?
2
Suppose 0 = -l + 86 - 76. Calculate the highest common divisor of l and 86.
2
Let t be (-3 - -3)/(2 - 1). Suppose 153 = 4*w - 3*p - t, 5*w = -5*p + 165. Let o = -44 + 62. Calculate the greatest common factor of o and w.
18
Let v(f) = -9*f + 37. Let x be v(-6). Let l = -83 + x. Let y = 18 - -22. Calculate the highest common factor of l and y.
8
Suppose -5*g = 5*b - 566 - 9794, -10 = -5*g. What is the greatest common factor of b and 90?
90
Let q(p) = 5*p**2 + 30*p - 4. Let z be q(-7). What is the highest common divisor of z and 1?
1
Let x(k) be the first derivative of -k**2/2 + 24*k + 2. Let m be x(-12). Calculate the greatest common divisor of 24 and m.
12
Let z be 15/20*(-3 + 42/6). Let k = 43 - 22. Calculate the greatest common factor of z and k.
3
Let a be 5/((-100)/12)*-135. Let y be (40/1)/(6/(-12)). Let l = y + 134. What is the greatest common divisor of l and a?
27
Suppose 23*j - j - 1650 = 0. What is the greatest common factor of j and 275?
25
Let r(h) = h**3 - 2*h**2 - 9*h - 2. Suppose 0 = 4*n - 3 - 25. Let t be r(n). What is the highest common divisor of t and 18?
18
Let d(w) = -w**3 + 7*w**2 - 2*w - 4. Let q be 10/(-4 + (-24)/(-4)). Let x be d(q). What is the highest common divisor of 12 and x?
12
Let d = 117 + -121. Let s(h) be the first derivative of 2*h**3/3 + h**2/2 - 10*h - 1. Let u be s(d). What is the highest common factor of 12 and u?
6
Let q(s) = s - 2. Let t = 11 - 9. Suppose -5*u - 5*m = -0*m - 60, -2 = t*m. Let f be q(u). What is the greatest common factor of 77 and f?
11
Let z = -56 - -121. Calculate the greatest common factor of 169 and z.
13
Suppose 5*w = -33 - 277. Let o(b) = -b**2 + 21*b + 69. Let a be o(20). Let d = w + a. Calculate the greatest common factor of d and 81.
27
Suppose -5*m + 16*a = 15*a - 877, 0 = -2*m + 2*a + 346. Calculate the highest common divisor of 11 and m.
11
Let j(o) = o**2 - 15*o - 58. Let y be j(19). Suppose 0 = -5*x + 53 + 37. Calculate the greatest common divisor of y and x.
18
Let q be 27120/50 - (-40)/25. Calculate the greatest common factor of 32 and q.
32
Let k = -8 + 14. Let q be ((-6)/(-7))/((-776)/392 - -2). Calculate the highest common factor of k and q.
6
Suppose 54*r + 18393 = 45933. Calculate the highest common divisor of r and 17.
17
Let w(k) = k**2 - 2*k - 212. Let b be w(16). Let a be (84/(-10))/((-3)/10). What is the greatest common divisor of a and b?
4
Suppose -9*d - 4*h = -7*d - 72, -2*d + 4*h = -96. Calculate the highest common factor of 196 and d.
14
Let x = 88 - 65. Suppose x*j - 25*j + 252 = 0. Calculate the greatest common divisor of j and 14.
14
Let h = -35 + 44. Suppose -5*c - 4*v - 2 = 0, 6 = -3*c + 2*v - 6*v. Suppose -c*z + h + 23 = 0. Calculate the greatest common factor of z and 2.
2
Let x be (2/(-11))/((-17)/187). Let h be (-2 - 2)*(-27)/18. Calculate the highest common divisor of h and x.
2
Suppose 6*w - 441 = 3*w. What is the greatest common factor of w and 63?
21
Let l = -1623 - -1652. Let k = -17 + 46. What is the greatest common factor of k and l?
29
Suppose -3*q - 2*z + 1037 = 0, 18*z - 698 = -2*q + 15*z. What is the greatest common divisor of q and 14?
7
Let v = 223 + -215. What is the highest common divisor of v and 80?
8
Let m be ((-2)/(-4))/(11/(-924)). Let v = -34 - m. What is the highest common divisor of v and 20?
4
Let r be (-18)/2*(-8)/(-3). Suppose -120 = 10*c - 7*c. Let x = r - c. What is the greatest common factor of 8 and x?
8
Suppose 2600 = -0*p + 26*p. What is the highest common divisor of 20 and p?
20
Suppose 2*o + 2 - 42 = 0. Let h = 12 - o. Let m = h + 17. What is the highest common divisor of m and 18?
9
Suppose j - 67 = -5*u, 3*u - 6*u + 2*j + 48 = 0. Calculate the highest common divisor of u and 322.
14
Suppose -109 = -3*l + 203. Suppose 0 = 2*k + 2*k - 16. Suppose -4*x - 6 = -2*t, -3*t - k*x = -56 - 3. Calculate the greatest common factor of l and t.
13
Let n be ((-1)/2)/((-9)/1332). Suppose -7*z = -n - 157. What is the greatest common divisor of 3 and z?
3
Let n = 20 + -12. Let i be (-4 + 4/3)*-3. Calculate the highest common factor of i and n.
8
Suppose 9*c = -17*c + 988. What is the greatest common factor of c and 95?
19
Let k(z) = z**3 + 19*z**2 + 3*z. Let t be k(-6). What is the highest common divisor of t and 18?
18
Let w(d) = 3*d + 60. Let q be w(25). What is the highest common factor of q and 5?
5
Let d = -120 - -132. Let z(a) = 2*a**2 + 4*a. Let t be z(-3). Let b = t + d. What is the greatest common factor of b and 12?
6
Suppose 1023 = 5*v - 3*n, 3*v - 9*n - 609 = -6*n. What is the greatest common factor of v and 9?
9
Let k be (-10)/((-40)/(-12)) + 7 + -3. Calculate the highest common factor of 17 and k.
1
Let b = 24 + -26. Let w be (-3 + 2)*19*2/b. Calculate the highest common factor of w and 209.
19
Suppose 0 = z - 3*m - 67, 26 = -m + 27. Suppose i + 5 - 3 = 0. Let c be -2*(i + 202/(-4)). What is the highest common factor of z and c?
35
Suppose 5*r - 1121 = -3*z, 173 = -3*z - 2*r + 1300. Calculate the highest common factor of 39 and z.
13
Suppose 2*g = 1 - 19. Let w(j) = j**2 + 10*j + 58. Let q be w(g). What is the greatest common divisor of q and 14?
7
Let f(j) = -8*j - 8. Let p(d) = 4 + 6*d - 3*d - d**2 - 9*d. Let v be p(-8). Let b be f(v). Calculate the greatest common divisor of b and 8.
8
Suppose 3*c - c = 3*c. Suppose 2*v + 5 - 37 = c. What is the greatest common factor of 24 and v?
8
Let b be 3 + -2 - 3 - -396. Suppose -5*i - 2*l = -0*l - 494, 4*i + l = b. Let a(t) = -4*t + 2. Let j be a(-3). What is the greatest common divisor of i and j?
14
Suppose -6*z - 38 = -4*z. Let p be z/(-7) - 12/(-42). Suppose 0 = -p*g + g + 92. Calculate the highest common factor of 115 and g.
23
Let d be 15*(1 + -1 + 1). Suppose 3*y + 3*o - 30 = 0, 5*y - 5*o + 1 = 71. Suppose 10*t + 60 = y*t. What is the highest common divisor of d and t?
15
Let g(a) = a**3 + 14*a**2 + 21*a - 32. Let k be g(-12). What is the highest common divisor of 324 and k?
4
Let l be (-2*2)/((-2)/88). Let i = 312 - 296. Calculate the highest common factor of i and l.
16
Let p(z) = 2*z**3 + 14*z**2 - 6*z - 9. Let n be p(-6). Calculate the highest common factor of 55 and n.
11
Suppose -1529*w + 1532*w = 1071. What is the greatest common factor of w and 306?
51
Let a(b) = -b**3 + 14*b**2 + 15*b + 27. Let u be a(15). Calculate the highest common divisor of 18 and u.
9
Let p be 8/(4/(1 + -5)). Let r = 3 - p. Suppose 2*k - r = -5. What is the greatest common divisor of 27 and k?
3
Let j(k) = 13*k**2 - 3*k -